- g, -1 = -2*i + 9. List the prime factors of s.
2, 3, 5
Let g(p) = 1276*p - 105. What are the prime factors of g(4)?
4999
Let m = -52 - -50. Let d(a) = -a**3 - 3*a**2 - 4*a - 2. Let p be d(m). Suppose w = j - w - 52, -p*j + w + 110 = 0. What are the prime factors of j?
2, 7
Let g = 44 - 41. Suppose -14 = i + 3*o, -5 = g*i + o - 3. List the prime factors of -1*(253/i)/(-1 + 0).
11, 23
Let x be -8*(34/(-8) - -2). Let j be (-2860)/195*9/(-6). Let b = j - x. List the prime factors of b.
2
Let f = 150 + -488. Let k = -222 - f. Let i = -83 + k. What are the prime factors of i?
3, 11
Let h(u) = -21 + 5 - u**2 + 1 + 3*u + 8. Let o be h(5). Let j = -5 - o. What are the prime factors of j?
2, 3
What are the prime factors of -1 + (-141402)/(-3) + 32/(40/(-5))?
47129
Suppose -2*m - 5*q - 376 = 0, 0 = 2*q - 0*q + 8. Let k = m + 529. Suppose 29*u = 26*u + k. List the prime factors of u.
3, 13
Suppose -3*q + 1200 - 342 = 4*t, -646 = -3*t - q. Let j(l) = 3*l**3 + 4*l**2 + 6*l + 5. Let p be j(-4). Let m = t + p. What are the prime factors of m?
3, 23
Suppose 0 = -x - 1650*c + 1648*c + 70536, c = 3*x - 211559. List the prime factors of x.
2, 37, 953
Let m(c) = -8*c**3 - 3*c**2 - 5*c + 4. Let a be m(-3). Let f = 106 + a. What are the prime factors of f?
2, 157
Let a = 85 + -99. Let s = a + 17. What are the prime factors of 498/2 - (s - (-2)/(-1))?
2, 31
Suppose 67*m - 108*m + 66*m = 1099325. What are the prime factors of m?
43973
Let l(b) be the third derivative of -b**5/20 + 11*b**4/24 + 24*b**3 + 133*b**2 - b. What are the prime factors of l(0)?
2, 3
Let t(j) = 2*j - 26. Let d be t(15). Suppose d*y - 10 - 10 = -x, -32 = -3*y - 5*x. What are the prime factors of y?
2
Let x be -9 + 12 + (5 - 2). Suppose 4*p = -5*f, 0 = 2*p - 4 - x. What are the prime factors of (-6)/33 + ((-1064)/11)/f?
2, 3
Let v(o) = -o**3 - 3*o**2 - 14*o + 5. Let f be v(-6). Suppose 2*j + l = -4*l + f, -5*j - 5*l + 470 = 0. What are the prime factors of j?
7, 13
Let x(c) = -c**3 - 5*c**2 - 3*c + 6. Let v be x(-5). Let r = -216 + 246. Let d = r - v. List the prime factors of d.
3
Let o = 98 + -77. Suppose 0 = -3*h + 6 + o. Let y = h + 117. List the prime factors of y.
2, 3, 7
Let m(x) be the third derivative of 3*x**5/2 + 7*x**4/24 - 7*x**3/3 + 2*x**2 - 42*x. List the prime factors of m(-3).
5, 31
Let x(y) = -18*y + 20. Let z be x(-11). Let q = 479 - z. Let d = 407 - q. List the prime factors of d.
2, 73
Suppose -44*l - 4514 - 35059 = -248045. What are the prime factors of l?
2, 23, 103
Let d = 74 + -39. Let n = d + -35. Suppose -u + 23 + 24 = n. What are the prime factors of u?
47
Suppose 4*d + 2376 = t, -5*t + 2*d + 11925 = -3*d. Let f = -1636 + t. List the prime factors of f.
2, 47
Let m(s) = s**2 + 250*s + 1930. Let n be m(-8). Let t(o) = 8*o + 16 - o**3 + 0*o - o**3 - 8*o**2. List the prime factors of t(n).
2, 7
Suppose w - 6 = -1. Suppose 4*l = w*t - 4*t - 450, 0 = 5*l - 10. What are the prime factors of t?
2, 229
Let w(p) = -12 + 0 - 20*p**2 + 21*p**2 - 3*p. Let o be w(6). List the prime factors of (217/(-14))/((-2)/4)*o.
2, 3, 31
Suppose 4905 + 7569 = 22*h. What are the prime factors of (h + -15)/((-6)/(-4))?
2, 23
Let g(p) = -3*p**2 - 71*p + 106. Let m be g(-25). Suppose m*q = 1438 + 6536. What are the prime factors of q?
3, 443
Let r(k) = -k**2 - 208*k - 4891. Let a be r(-27). Suppose -12 = -4*t - 0*t. List the prime factors of (t/(-9))/(a/1596).
7, 19
Let r(i) = 8*i + 12. Let y be r(-3). Let j be y/(-2) - (-22)/(-22). Suppose -o - 10 = -3*c, -j*o - 7*c - 10 = -12*c. List the prime factors of o.
2
Suppose -6*t + 4 = -4*t + 2*i, -t - 2*i - 2 = 0. Let q(h) = -h. Let n(c) = 5*c + 74. Let j(b) = n(b) + 3*q(b). What are the prime factors of j(t)?
2, 43
Suppose 89595 = 5*u + 5*g, -35836 = 18*u - 20*u - g. What are the prime factors of u?
19, 23, 41
Let l(i) = 2*i**2 + 55*i + 1099. What are the prime factors of l(-66)?
7, 883
Let s(l) = -l**3 + 15*l**2 - 9*l - 62. Let o be s(14). Suppose -o*b = 1562 - 4354. What are the prime factors of b?
349
Suppose -1172 = -2*u + 2*l - 0*l, 2*u - 5*l = 1184. Let i = -243 + u. What are the prime factors of i?
3, 113
Let s(q) = -334*q - 1105. List the prime factors of s(-20).
5, 223
Let g(f) = -8*f + 24. Suppose -5*d = -4*d + 45. Let v = d + 36. List the prime factors of g(v).
2, 3
Let h be ((-2)/7)/(1/(-14)). Let y be 9/(-6) + 2/h. What are the prime factors of (-1)/(-2)*(y - -87)?
43
Suppose 8*c - 297 - 71 = 0. Let h = 51 - c. Suppose 2 = 2*s, h*s - 531 = -3*v + 149. What are the prime factors of v?
3, 5
Suppose 2*l - r - 946 = 0, 3*r = -l + 365 + 94. Let v = l - -543. List the prime factors of v.
2, 3, 13
Suppose 13 = m + 1. Suppose -3*b = b - 4*n - m, 0 = -b + 4*n. Suppose 4*a - a + 14 = -b*u, -5*a = -u - 15. List the prime factors of a.
2
Let g(n) = -9*n**2 - 14 - 7*n - 7*n - 6*n + 10*n - n**3. Let j be g(-8). Suppose 0 = -3*m, 3*m = 3*s - j*m - 360. List the prime factors of s.
2, 3, 5
Suppose 0 = -5*h + 3*n - 183, -6*h - 4*n = -8*h - 62. Let w = 22 - -77. Let q = h + w. List the prime factors of q.
2, 3, 5
Let f(p) = 44*p**2 + 2. Let r be f(-1). Suppose -r*s + 18 = -43*s. What are the prime factors of s?
2, 3
Let d = 1437 + 1273. What are the prime factors of d?
2, 5, 271
Suppose 39*q = 49*q - 20198 + 6438. List the prime factors of q.
2, 43
Let b(t) = 8*t + 104. Let j be b(-13). Suppose 3*n + 3*l - 35 = -2*l, 5*n + 3*l - 69 = j. List the prime factors of n.
3, 5
Suppose 4*n - 192 = -3*i, -5*n - 122 - 198 = -5*i. Suppose 5*j - 7 - 18 = 0. Suppose -j*f + 6*f = i. List the prime factors of f.
2
Suppose 2660 = 2*n - 2274. Suppose -2*g + n = 5*m, -14*m + 3*g - 1473 = -17*m. List the prime factors of m.
3, 5, 11
Suppose 377*m + 368010 = 407*m. List the prime factors of m.
3, 29, 47
Let r(p) = -54 - 106 + 17*p + 33*p. What are the prime factors of r(17)?
2, 3, 5, 23
Let c = 2375 - -2640. Suppose c = -16*z + 21*z. List the prime factors of z.
17, 59
Let z(r) = -r**2 - 5*r - 1. Suppose -20 = 4*i + a, -2*i - 6*a = -2*a + 24. Let f be z(i). List the prime factors of (f/5)/(8/1160) + 0.
3, 29
Let s(h) be the second derivative of -h**4/12 + 7*h**3/6 + 22*h**2 + 23*h. Let t be s(11). Suppose -6*y + 1390 + 290 = t. What are the prime factors of y?
2, 5, 7
Let c be ((-2)/(-5))/(((-4)/10)/(-2)). Suppose 3*o = c*o + 4*w + 5, -5*w - 43 = 4*o. Let u(r) = r**3 + 8*r**2 + 11*r + 30. What are the prime factors of u(o)?
2
List the prime factors of (-13 + (-12682)/68)/((-1)/98).
3, 7, 19
Suppose 387 + 519 = 2*k + v, 4*k - 1804 = -4*v. What are the prime factors of 8/(56/k) + 3?
2, 17
Let i(f) = -34*f - 24983*f**2 + 1 + 4 + 25090*f**2. What are the prime factors of i(4)?
3, 17, 31
Let n(u) = 362*u - 1312. What are the prime factors of n(15)?
2, 29, 71
Suppose -65 = 83*i - 88*i. Suppose i*h = 8*h + 540. List the prime factors of h.
2, 3
Let v(y) = -10*y**3 - 8*y**2 + 20*y + 50. What are the prime factors of v(-9)?
2, 11, 37
Let x(h) = 105*h**3 + 4*h**2 - 5*h + 2. Let m be x(1). Let j = m + -102. What are the prime factors of (-828)/(-8) + 2/j?
2, 13
List the prime factors of ((-95270)/(-20) - -37)*(3 - -1).
2, 9601
Suppose 3*k - 96 = -2*m, 7*k - 3*m - 32 = 6*k. Suppose 5*h = -4*p + 11, -2*p - h - k = -5*p. Suppose p*f - 15*f = -390. What are the prime factors of f?
5, 13
Let o = -218 + 220. List the prime factors of (1/(-3))/(2335/1170 - o).
2, 3, 13
Let y(f) = -230*f - 232*f - 49 - 14*f**2 - 254*f + 746*f + f**3. List the prime factors of y(16).
23, 41
Suppose -12*d + 4647 + 261 = 0. Suppose -3*y - 3*b + 5*b = -307, 0 = 4*y - 3*b - d. What are the prime factors of y?
103
Let k(l) = 5*l + 5. Let p be k(-11). Let b be (-3 - (p - -2))/(3/2). Suppose -364 = 23*i - b*i. List the prime factors of i.
2, 13
Suppose 2*h = 3*p - 11413, -6*p = 19*h - 22*h - 22833. What are the prime factors of p?
13, 293
Suppose -34*r - 18 = -25*r. List the prime factors of 5374/10 + r/5.
3, 179
Let j = -66 - -68. Let c(b) = 85*b**2 + 4*b. List the prime factors of c(j).
2, 3, 29
Let v(l) = -l**3 - 12*l**2 + l + 15. Let o = -13 - -1. Let q be v(o). Suppose 68 = 2*r + z, 5*r - 56 - 112 = -q*z. List the prime factors of r.
2, 3
Let a(m) be the first derivative of -7*m**4/4 + m**3/3 - m + 15. Let g be a(4). Let t = g + 618. What are the prime factors of t?
5, 37
Let w(r) = 3*r**2 + 4*r - r**2 - r**